 by 2480?
2419
What is the remainder when 19648843 is divided by 577907?
5
What is the remainder when 23224653 is divided by 190366?
1
What is the remainder when 10716949 is divided by 775?
249
What is the remainder when 2999437 is divided by 3017?
539
Calculate the remainder when 1603337 is divided by 3720.
17
Calculate the remainder when 10509 is divided by 9531.
978
Calculate the remainder when 5364947 is divided by 305.
302
Calculate the remainder when 4663504 is divided by 518158.
82
What is the remainder when 11974310 is divided by 397?
393
Calculate the remainder when 1370400 is divided by 114194.
72
What is the remainder when 174737 is divided by 5?
2
What is the remainder when 1779750 is divided by 10852?
22
What is the remainder when 1363953 is divided by 151525?
228
Calculate the remainder when 3298928 is divided by 76.
72
Calculate the remainder when 288652 is divided by 46894.
7288
Calculate the remainder when 48177 is divided by 893.
848
What is the remainder when 503133 is divided by 235?
233
Calculate the remainder when 625355 is divided by 434.
395
Calculate the remainder when 105445 is divided by 3295.
5
What is the remainder when 891352 is divided by 29711?
22
What is the remainder when 16113 is divided by 762?
111
Calculate the remainder when 4517104 is divided by 1016.
984
What is the remainder when 43404458 is divided by 424?
2
What is the remainder when 29210107 is divided by 14605022?
63
What is the remainder when 631189 is divided by 339?
310
Calculate the remainder when 168028101 is divided by 2164.
2157
What is the remainder when 2733987 is divided by 60?
27
Calculate the remainder when 1336760 is divided by 333953.
948
What is the remainder when 463085 is divided by 258?
233
Calculate the remainder when 2732097 is divided by 260.
17
Calculate the remainder when 2309910 is divided by 769968.
6
What is the remainder when 1687485 is divided by 562408?
261
What is the remainder when 11331 is divided by 910?
411
Calculate the remainder when 743085 is divided by 106147.
56
What is the remainder when 1163129 is divided by 3503?
133
Calculate the remainder when 245008618 is divided by 4151.
4145
What is the remainder when 60959464 is divided by 21?
13
What is the remainder when 688005 is divided by 21500?
5
Calculate the remainder when 21617972 is divided by 3602976.
116
What is the remainder when 57701857 is divided by 40?
17
What is the remainder when 28615947 is divided by 594?
591
Calculate the remainder when 205322 is divided by 5267.
5176
Calculate the remainder when 81334627 is divided by 26.
23
Calculate the remainder when 850132 is divided by 29.
26
Calculate the remainder when 13462996 is divided by 135.
121
Calculate the remainder when 44926 is divided by 8966.
96
What is the remainder when 8248072 is divided by 59?
49
What is the remainder when 16817492 is divided by 2817?
2
Calculate the remainder when 121237233 is divided by 81.
78
Calculate the remainder when 7423 is divided by 600.
223
What is the remainder when 865704 is divided by 3194?
130
What is the remainder when 174689 is divided by 6372?
2645
Calculate the remainder when 208094603 is divided by 3843.
3839
Calculate the remainder when 24980 is divided by 3602.
3368
Calculate the remainder when 3103577 is divided by 851.
831
What is the remainder when 22328198 is divided by 7?
4
Calculate the remainder when 999434 is divided by 16.
10
What is the remainder when 33709842 is divided by 39?
36
What is the remainder when 1694159 is divided by 477?
332
What is the remainder when 53725697 is divided by 644?
641
What is the remainder when 4464237 is divided by 2231933?
371
Calculate the remainder when 279067390 is divided by 82.
70
Calculate the remainder when 120525191 is divided by 1461.
1457
What is the remainder when 9307 is divided by 1293?
256
Calculate the remainder when 1693012 is divided by 564330.
22
Calculate the remainder when 142597 is divided by 19708.
4641
What is the remainder when 84524 is divided by 28145?
89
Calculate the remainder when 1876080 is divided by 726.
96
What is the remainder when 82615283 is divided by 776?
771
Calculate the remainder when 564179 is divided by 112831.
24
What is the remainder when 20126 is divided by 9785?
556
What is the remainder when 17221 is divided by 2577?
1759
What is the remainder when 9299167 is divided by 399?
73
Calculate the remainder when 4083399 is divided by 15011.
407
What is the remainder when 648470 is divided by 323711?
1048
What is the remainder when 12602675 is divided by 900190?
15
Calculate the remainder when 7555 is divided by 14.
9
Calculate the remainder when 17829768 is divided by 595.
593
Calculate the remainder when 590490 is divided by 327.
255
Calculate the remainder when 2051533 is divided by 480.
13
What is the remainder when 85678 is divided by 14265?
88
What is the remainder when 12730083 is divided by 2853?
2850
What is the remainder when 163861 is divided by 19655?
6621
What is the remainder when 380339 is divided by 127?
101
What is the remainder when 255030 is divided by 577?
573
What is the remainder when 4371568 is divided by 13747?
22
What is the remainder when 1927692 is divided by 243?
216
What is the remainder when 75821 is divided by 1082?
81
What is the remainder when 447259 is divided by 82?
31
What is the remainder when 90199 is divided by 4691?
1070
Calculate the remainder when 1151987 is divided by 99.
23
Calculate the remainder when 1140846 is divided by 595.
231
Calculate the remainder when 1022595 is divided by 890.
875
Calculate the remainder when 15223 is divided by 15196.
27
Calculate the remainder when 65820 is divided by 21403.
1611
What is the remainder when 28020 is divided by 6843?
648
Calculate the remainder when 885231 is divided by 364.
347
What is the remainder when 16038144 is divided by 11076?
96
What is the remainder when 54992 is divided by 1655?
377
Calculate the remainder when 95388654 is divided by 232.
230
Calculate the remainder when 1404495 is divided by 42560.
15
What is the remainder when 373439733 is divided by 373439724?
9
What is the remainder when 1990589 is divided by 6043?
2442
What is the remainder when 256696 is divided by 1116?
16
What is the remainder when 906856 is divided by 916?
16
Calculate the remainder when 208585 is divided by 4942.
1021
What is the remainder when 233157 is divided by 669?
345
What is the remainder when 1904167 is divided by 39667?
151
What is the remainder when 157788219 is divided by 1156?
1155
Calculate the remainder when 14763 is divided by 1789.
451
What is the remainder when 1110353 is divided by 166?
145
What is the remainder when 78130 is divided by 102?
100
What is the remainder when 170757 is divided by 56883?
108
What is the remainder when 45412 is divided by 7541?
166
Calculate the remainder when 58492914 is divided by 541.
535
What is the remainder when 1057033 is divided by 102?
7
What is the remainder when 12487809 is divided by 111?
87
What is the remainder when 35345577 is divided by 5766?
5763
What is the remainder when 1521701 is divided by 150?
101
What is the remainder when 495487 is divided by 1726?
125
What is the remainder when 8908379 is divided by 212104?
11
What is the remainder when 24078 is divided by 3000?
78
Calculate the remainder when 23634682 is divided by 2398.
2392
Calculate the remainder when 1625470 is divided by 121.
77
Calculate the remainder when 20134697 is divided by 501.
8
Calculate the remainder when 102854 is divided by 4897.
17
What is the remainder when 33079619 is divided by 125778?
5
Calculate the remainder when 192660 is divided by 38530.
10
What is the remainder when 69146765 is divided by 23048917?
14
Calculate the remainder when 90478 is divided by 335.
28
What is the remainder when 576500 is divided by 1427?
1419
What is the remainder when 469338 is divided by 86?
36
What is the remainder when 4148350 is divided by 25450?
0
Calculate the remainder when 1476128 is divided by 273.
17
What is the remainder when 12331660 is divided by 1543?
4
What is the remainder when 419617 is divided by 8226?
91
Calculate the remainder when 90414 is divided by 143.
38
Calculate the remainder when 2050872 is divided by 1953.
222
What is the remainder when 62363